{"id":10571,"date":"2024-11-12T23:04:11","date_gmt":"2024-11-12T23:04:11","guid":{"rendered":"https:\/\/foralsa.actualizaweb.com\/?post_type=product&#038;p=10571"},"modified":"2026-03-23T19:59:12","modified_gmt":"2026-03-23T19:59:12","slug":"antigripal-noche","status":"publish","type":"product","link":"https:\/\/foralsa.com\/?product=antigripal-noche","title":{"rendered":"Antigripal Noche"},"content":{"rendered":"<p><span class=\"TextRun SCXW230194863 BCX8\" lang=\"ES-GT\" xml:lang=\"ES-GT\" data-contrast=\"auto\"><span class=\"NormalTextRun SCXW230194863 BCX8\">Brinda<\/span><span class=\"NormalTextRun SCXW230194863 BCX8\"> un alivio r\u00e1pido y efectivo de los s\u00edntomas relacionados a la gripe como dolor asociado al resfr\u00edo com\u00fan, congesti\u00f3n nasal y fiebre<\/span><span class=\"NormalTextRun SCXW230194863 BCX8\">, contiene <\/span><span class=\"NormalTextRun SpellingErrorV2Themed SCXW230194863 BCX8\">Doxilamina<\/span><span class=\"NormalTextRun SCXW230194863 BCX8\"> que ayuda a conciliar el sue\u00f1o.<\/span><\/span><\/p>\n","protected":false},"excerpt":{"rendered":"<p>Brinda un alivio r\u00e1pido y efectivo de los s\u00edntomas relacionados a la gripe como dolor asociado al resfr\u00edo com\u00fan, congesti\u00f3n nasal y fiebre, contiene Doxilamina que ayuda a conciliar el sue\u00f1o.<\/p>\n","protected":false},"featured_media":0,"template":"","meta":[],"product_cat":[112],"product_tag":[],"class_list":{"0":"post-10571","1":"product","2":"type-product","3":"status-publish","5":"product_cat-antigripales-y-antihistaminicos","7":"first","8":"instock","9":"shipping-taxable","10":"product-type-simple"},"_links":{"self":[{"href":"https:\/\/foralsa.com\/index.php?rest_route=\/wp\/v2\/product\/10571","targetHints":{"allow":["GET"]}}],"collection":[{"href":"https:\/\/foralsa.com\/index.php?rest_route=\/wp\/v2\/product"}],"about":[{"href":"https:\/\/foralsa.com\/index.php?rest_route=\/wp\/v2\/types\/product"}],"wp:attachment":[{"href":"https:\/\/foralsa.com\/index.php?rest_route=%2Fwp%2Fv2%2Fmedia&parent=10571"}],"wp:term":[{"taxonomy":"product_cat","embeddable":true,"href":"https:\/\/foralsa.com\/index.php?rest_route=%2Fwp%2Fv2%2Fproduct_cat&post=10571"},{"taxonomy":"product_tag","embeddable":true,"href":"https:\/\/foralsa.com\/index.php?rest_route=%2Fwp%2Fv2%2Fproduct_tag&post=10571"}],"curies":[{"name":"wp","href":"https:\/\/api.w.org\/{rel}","templated":true}]}}