{"id":10577,"date":"2024-11-14T20:34:36","date_gmt":"2024-11-14T20:34:36","guid":{"rendered":"https:\/\/foralsa.actualizaweb.com\/?post_type=product&#038;p=10577"},"modified":"2026-03-23T20:15:32","modified_gmt":"2026-03-23T20:15:32","slug":"cereb-plus","status":"publish","type":"product","link":"https:\/\/foralsa.com\/?product=cereb-plus","title":{"rendered":"Cereb Plus Foral"},"content":{"rendered":"<p><span data-contrast=\"auto\">Es un compuesto de \u00c1cido Glut\u00e1mico, F\u00f3sforo y Vitamina B1, que adicionado a la Tiamina, desempe\u00f1a un papel importante en el aprendizaje y la memoria, por su acci\u00f3n sobre las c\u00e9lulas nerviosas del cerebro.<\/span><\/p>\n","protected":false},"excerpt":{"rendered":"<p>Es un compuesto de \u00c1cido Glut\u00e1mico, F\u00f3sforo y Vitamina B1, que adicionado a la Tiamina, desempe\u00f1a un papel importante en el aprendizaje y la memoria, por su acci\u00f3n sobre las c\u00e9lulas nerviosas del cerebro.<\/p>\n","protected":false},"featured_media":0,"template":"","meta":[],"product_cat":[113],"product_tag":[],"class_list":{"0":"post-10577","1":"product","2":"type-product","3":"status-publish","5":"product_cat-cerebro","7":"first","8":"instock","9":"shipping-taxable","10":"product-type-simple"},"_links":{"self":[{"href":"https:\/\/foralsa.com\/index.php?rest_route=\/wp\/v2\/product\/10577","targetHints":{"allow":["GET"]}}],"collection":[{"href":"https:\/\/foralsa.com\/index.php?rest_route=\/wp\/v2\/product"}],"about":[{"href":"https:\/\/foralsa.com\/index.php?rest_route=\/wp\/v2\/types\/product"}],"wp:attachment":[{"href":"https:\/\/foralsa.com\/index.php?rest_route=%2Fwp%2Fv2%2Fmedia&parent=10577"}],"wp:term":[{"taxonomy":"product_cat","embeddable":true,"href":"https:\/\/foralsa.com\/index.php?rest_route=%2Fwp%2Fv2%2Fproduct_cat&post=10577"},{"taxonomy":"product_tag","embeddable":true,"href":"https:\/\/foralsa.com\/index.php?rest_route=%2Fwp%2Fv2%2Fproduct_tag&post=10577"}],"curies":[{"name":"wp","href":"https:\/\/api.w.org\/{rel}","templated":true}]}}